{"id":21834,"date":"2025-03-20T03:40:01","date_gmt":"2025-03-20T03:40:01","guid":{"rendered":"https:\/\/www.ibermusicas.org\/?page_id=21834"},"modified":"2025-06-22T20:33:58","modified_gmt":"2025-06-22T20:33:58","slug":"guia-de-accesibilidad-e-inclusion-pt","status":"publish","type":"page","link":"https:\/\/www.ibermusicas.org\/index.php\/guia-de-accesibilidad-e-inclusion-pt\/","title":{"rendered":"Acessibilidade e Inclus\u00e3o Cultural: Rumo a uma Ibero-Am\u00e9rica para o usufruto de todos"},"content":{"rendered":"\n<p>Com o objetivo de fortalecer o direito de todas as pessoas de participar plenamente da vida cultural e em conson\u00e2ncia com a meta 10.2 do Objetivo 10 da Agenda 2030 para o Desenvolvimento Sustent\u00e1vel (que busca aumentar e promover a inclus\u00e3o social, econ\u00f4mica e pol\u00edtica de todas as pessoas, independentemente de idade, sexo, defici\u00eancia, ra\u00e7a, etnia, origem, religi\u00e3o, situa\u00e7\u00e3o econ\u00f4mica ou outra condi\u00e7\u00e3o), a Iberm\u00fasicas desenvolve uma s\u00e9rie de a\u00e7\u00f5es nesse sentido.<\/p>\n\n\n\n<p>Gerar acessibilidade envolve questionar nossas pr\u00f3prias pr\u00e1ticas e repensar criticamente as maneiras como criamos e geramos pol\u00edticas p\u00fablicas. N\u00f3s nos esfor\u00e7amos para capacitar as pessoas a adotar uma nova maneira de olhar e entender a sociedade, para que todos os modos de exist\u00eancia e corporalidade sejam valorizados. Queremos promover a reflex\u00e3o sobre como s\u00e3o gerados projetos, produtos e servi\u00e7os culturais, disponibilizando algumas ferramentas que possam contribuir neste caminho rumo \u00e0 inclus\u00e3o de uma Ibero-Am\u00e9rica do qual todos possam desfrutar.<\/p>\n\n\n\n<p>Na Iberm\u00fasicas, h\u00e1 mais de 10 anos promovemos <strong>a\u00e7\u00f5es afirmativas<\/strong> em nossas convocat\u00f3rias e concursos para incentivar a inclus\u00e3o. Essa abordagem nos permitiu priorizar projetos que promovam a igualdade de g\u00eanero, a participa\u00e7\u00e3o de pessoas com defici\u00eancia, a comunidade LGBTIQ+ e as popula\u00e7\u00f5es afrodescendentes e ind\u00edgenas. Valorizamos n\u00e3o apenas a representatividade desses grupos, mas tamb\u00e9m o impacto positivo que os projetos geram em suas comunidades.<\/p>\n\n\n\n<p>A partir dessa iniciativa, iniciamos a constru\u00e7\u00e3o de um observat\u00f3rio de inclus\u00e3o que nos permitiu definir <strong>indicadores-chave<\/strong> para orientar as decis\u00f5es do Programa e otimizar suas a\u00e7\u00f5es. Um dos destaques foi o aumento do n\u00famero de projetos submetidos aos nossos editais e concursos que contemplam pessoas com defici\u00eancias sensoriais, motoras e cognitivas. Esse crescimento impulsionou a implementa\u00e7\u00e3o de novas ferramentas para ampliar as oportunidades de acesso e garantir o pleno exerc\u00edcio dos direitos culturais, promovendo uma participa\u00e7\u00e3o inclusiva e livre de qualquer forma de discrimina\u00e7\u00e3o.<\/p>\n\n\n\n<p>Dentre essas ferramentas, vale destacar a implementa\u00e7\u00e3o da <strong>Acessibilidade Digital<\/strong>, que busca adaptar o design e o desenvolvimento de nossas plataformas e ferramentas tecnol\u00f3gicas para que sejam acess\u00edveis a todas as pessoas. O objetivo \u00e9 eliminar barreiras e garantir que qualquer usu\u00e1rio possa navegar, interagir e entender as informa\u00e7\u00f5es de forma eficaz. Atualmente, estamos em pleno processo de implementa\u00e7\u00e3o dessas medidas, com o compromisso de avan\u00e7ar rumo a uma verdadeira inclus\u00e3o digital.<\/p>\n\n\n\n<p>Al\u00e9m disso, consideramos essencial compartilhar conhecimento nesta \u00e1rea para fortalecer as capacidades e a profissionaliza\u00e7\u00e3o do setor em termos de inclus\u00e3o. Para isso, fizemos uma parceria com a Funda\u00e7\u00e3o Music for All, uma organiza\u00e7\u00e3o espanhola dedicada exclusivamente a promover a acessibilidade na m\u00fasica, que generosamente fornece, de forma pro bono, uma<strong> s\u00e9rie de manuais e guias did\u00e1ticos<\/strong> para tornar festivais, salas de concerto e palcos acess\u00edveis. O Programa, por sua vez, facilitou a tradu\u00e7\u00e3o desses materiais para o portugu\u00eas e assumiu o compromisso de divulg\u00e1-los amplamente por toda a Am\u00e9rica Latina, com o objetivo de atingir o maior n\u00famero poss\u00edvel de destinat\u00e1rios. Os manuais e guias est\u00e3o dispon\u00edveis abaixo para refer\u00eancia e download gratuitos.<\/p>\n\n\n\n<p>Como parte desta iniciativa, ser\u00e3o realizados <strong>workshops virtuais intensivos<\/strong>, ministrados pela Funda\u00e7\u00e3o Music for All. Esses treinamentos fornecer\u00e3o ferramentas essenciais para que festivais e locais culturais desenvolvam seu pr\u00f3prio <strong>Plano de Acessibilidade<\/strong>, permitindo-lhes implementar medidas concretas que promovam a inclus\u00e3o de todas as pessoas.<\/p>\n\n\n\n<p>Desta forma, buscamos promover a acessibilidade e a inclus\u00e3o de pessoas com defici\u00eancia como meio essencial para garantir a participa\u00e7\u00e3o plena e igualit\u00e1ria na vida cultural.<\/p>\n\n\n\n<p><strong>Entendemos a acessibilidade cultural como uma ponte fundamental para facilitar o encontro e a participa\u00e7\u00e3o de todas as pessoas com igualdade de oportunidades.<\/strong><\/p>\n\n\n\n<p><i>Projeto vencedor da 2\u00aa Convocat\u00f3ria de Projetos para Programas, Iniciativas e Projetos de Coopera\u00e7\u00e3o Ibero-Americana &#8211; SEGIB<\/i><\/p>\n\n\n\n<div style=\"height:100px\" aria-hidden=\"true\" class=\"wp-block-spacer\"><\/div>\n\n\n\n<div class=\"wp-block-media-text is-stacked-on-mobile is-vertically-aligned-center is-image-fill-element alignfull has-contrast-color has-base-background-color has-text-color has-background has-link-color wp-elements-d238628b041082a5e9107558a2583dfd\" style=\"margin-top:0px;margin-right:0px;margin-bottom:0px;margin-left:0px;padding-top:0;padding-right:0;padding-bottom:0;padding-left:0\"><figure class=\"wp-block-media-text__media\"><img loading=\"lazy\" decoding=\"async\" width=\"1030\" height=\"1032\" src=\"https:\/\/www.ibermusicas.org\/wp-content\/uploads\/2025\/04\/1-accesibilidad.jpg\" alt=\"\" class=\"wp-image-22123 size-full\" style=\"object-position:100% 50%\"\/><\/figure><div class=\"wp-block-media-text__content\">\n<div class=\"wp-block-group has-global-padding is-content-justification-left is-layout-constrained wp-container-core-group-is-layout-f1e48d1c wp-block-group-is-layout-constrained\" style=\"margin-top:0;margin-bottom:0;padding-top:var(--wp--preset--spacing--80);padding-right:var(--wp--preset--spacing--30);padding-bottom:var(--wp--preset--spacing--80);padding-left:var(--wp--preset--spacing--30)\">\n<h2 class=\"wp-block-heading\" style=\"margin-top:0;margin-bottom:var(--wp--preset--spacing--30)\">Guia de acessibilidade e inclus\u00e3o em festivais de m\u00fasica<\/h2>\n\n\n\n<p style=\"margin-bottom:var(--wp--preset--spacing--30)\">Esta guia re\u00fane um conjunto de orienta\u00e7\u00f5es destinadas a garantir uma oferta de m\u00fasica ao vivo acess\u00edvel, diversa e inclusiva, em espa\u00e7os como salas de concertos, clubes, teatros e audit\u00f3rios.<\/p>\n\n\n\n<div class=\"wp-block-buttons is-layout-flex wp-block-buttons-is-layout-flex\">\n<div class=\"wp-block-button\"><a class=\"wp-block-button__link wp-element-button\" href=\"https:\/\/www.ibermusicas.org\/wp-content\/uploads\/2020\/04\/1-Guia-de-acessibilidade-e-inclusao-em-festivais-de-musica.pdf\">Descarregar<\/a><\/div>\n<\/div>\n<\/div>\n<\/div><\/div>\n\n\n\n<div class=\"wp-block-media-text has-media-on-the-right is-stacked-on-mobile is-vertically-aligned-center is-image-fill-element alignfull has-base-color has-accent-1-background-color has-text-color has-background has-link-color wp-elements-40b1fc4ab07d671c0f6569807f5d16f2\" style=\"margin-top:0px;margin-right:0px;margin-bottom:0px;margin-left:0px;padding-top:0;padding-right:0;padding-bottom:0;padding-left:0\"><div class=\"wp-block-media-text__content\">\n<div class=\"wp-block-group has-global-padding is-content-justification-left is-layout-constrained wp-container-core-group-is-layout-f1e48d1c wp-block-group-is-layout-constrained\" style=\"margin-top:0;margin-bottom:0;padding-top:var(--wp--preset--spacing--80);padding-right:var(--wp--preset--spacing--30);padding-bottom:var(--wp--preset--spacing--80);padding-left:var(--wp--preset--spacing--30)\">\n<h2 class=\"wp-block-heading\" style=\"margin-top:0;margin-bottom:var(--wp--preset--spacing--30)\">Guia de acessibilidade e inclus\u00e3o em m\u00fasica ao vivo adapta\u00e7\u00e3o a salas de concerto, teatros e audit\u00f3rios<\/h2>\n\n\n\n<p style=\"margin-bottom:var(--wp--preset--spacing--30)\">Esta guia apresenta um conjunto de orienta\u00e7\u00f5es, propostas e exemplos de boas pr\u00e1ticas voltados para garantir uma oferta de m\u00fasica ao vivo acess\u00edvel, diversa e inclusiva.<\/p>\n\n\n\n<div class=\"wp-block-buttons is-layout-flex wp-block-buttons-is-layout-flex\">\n<div class=\"wp-block-button\"><a class=\"wp-block-button__link wp-element-button\" href=\"https:\/\/www.ibermusicas.org\/wp-content\/uploads\/2020\/04\/2-Guia-de-acessibilidade-e-inclusao-em-musica-ao-vivo-adaptacao-a-salas-de-concerto-teatros-e-auditorios.pdf\">Descarregar<\/a><\/div>\n<\/div>\n<\/div>\n<\/div><figure class=\"wp-block-media-text__media\"><img loading=\"lazy\" decoding=\"async\" width=\"1090\" height=\"1090\" src=\"https:\/\/www.ibermusicas.org\/wp-content\/uploads\/2025\/04\/2-accesibilidad.jpg\" alt=\"\" class=\"wp-image-22124 size-full\" style=\"object-position:0% 50%\"\/><\/figure><\/div>\n\n\n\n<div class=\"wp-block-media-text is-stacked-on-mobile is-vertically-aligned-center is-image-fill-element alignfull has-base-color has-accent-3-background-color has-text-color has-background has-link-color wp-elements-02e25f590bc6ef117191603155174b90\" style=\"margin-top:0px;margin-right:0px;margin-bottom:0px;margin-left:0px;padding-top:0;padding-right:0;padding-bottom:0;padding-left:0\"><figure class=\"wp-block-media-text__media\"><img loading=\"lazy\" decoding=\"async\" width=\"960\" height=\"960\" src=\"https:\/\/www.ibermusicas.org\/wp-content\/uploads\/2025\/04\/3-accesibilidad.jpg\" alt=\"\" class=\"wp-image-22125 size-full\" style=\"object-position:50% 50%\"\/><\/figure><div class=\"wp-block-media-text__content\">\n<div class=\"wp-block-group has-global-padding is-content-justification-left is-layout-constrained wp-container-core-group-is-layout-f1e48d1c wp-block-group-is-layout-constrained\" style=\"margin-top:0;margin-bottom:0;padding-top:var(--wp--preset--spacing--80);padding-right:var(--wp--preset--spacing--30);padding-bottom:var(--wp--preset--spacing--80);padding-left:var(--wp--preset--spacing--30)\">\n<h2 class=\"wp-block-heading has-base-color has-text-color has-link-color wp-elements-8d1d3fee9bd74bdab1f51fecf27f25c5\" style=\"margin-bottom:var(--wp--preset--spacing--30)\">Manual pr\u00e1ctico para o desenvolvimento da guia de acessibilidade<\/h2>\n\n\n\n<p class=\"has-base-color has-text-color has-link-color wp-elements-88c6ae14a6b9bfd666848843c968592c\" style=\"margin-bottom:var(--wp--preset--spacing--30)\">Este manual atua como um guia pr\u00e1tico para a elabora\u00e7\u00e3o de uma Guia de Acessibilidade e Inclus\u00e3o adaptada \u00e0s caracter\u00edsticas espec\u00edficas de cada evento musical. Seu objetivo \u00e9 fornecer informa\u00e7\u00f5es claras e acess\u00edveis para os participantes, incluindo as medidas de acessibilidade implementadas antes, durante e ap\u00f3s o evento.<\/p>\n\n\n\n<div class=\"wp-block-buttons is-layout-flex wp-block-buttons-is-layout-flex\">\n<div class=\"wp-block-button\"><a class=\"wp-block-button__link wp-element-button\" href=\"https:\/\/www.ibermusicas.org\/wp-content\/uploads\/2020\/04\/3-Manual-practico-para-o-desenvolvimento-da-guia-de-acessibilidade.pdf\">Descarregar<\/a><\/div>\n<\/div>\n<\/div>\n<\/div><\/div>\n\n\n\n<div class=\"wp-block-media-text has-media-on-the-right is-stacked-on-mobile is-vertically-aligned-center is-image-fill-element alignfull has-contrast-color has-accent-5-background-color has-text-color has-background has-link-color wp-elements-a64b8906d6f9abc124065b0e33d7ea00\" style=\"margin-top:0px;margin-right:0px;margin-bottom:0px;margin-left:0px;padding-top:0;padding-right:0;padding-bottom:0;padding-left:0\"><div class=\"wp-block-media-text__content\">\n<div class=\"wp-block-group has-global-padding is-content-justification-left is-layout-constrained wp-container-core-group-is-layout-f1e48d1c wp-block-group-is-layout-constrained\" style=\"margin-top:0;margin-bottom:0;padding-top:var(--wp--preset--spacing--80);padding-right:var(--wp--preset--spacing--30);padding-bottom:var(--wp--preset--spacing--80);padding-left:var(--wp--preset--spacing--30)\">\n<h2 class=\"wp-block-heading\" style=\"margin-bottom:var(--wp--preset--spacing--30)\">Manual pr\u00e1ctico &#8211; Plano de acessibilidade<\/h2>\n\n\n\n<p style=\"margin-bottom:var(--wp--preset--spacing--30)\">Este manual tem como objetivo fornecer uma ferramenta pr\u00e1tica para os organizadores de festivais e concertos, orientada a facilitar a reda\u00e7\u00e3o, desenvolvimento e implementa\u00e7\u00e3o de um Plano de Acessibilidade adaptado \u00e0s caracter\u00edsticas e necessidades espec\u00edficas de cada evento.<\/p>\n\n\n\n<div class=\"wp-block-buttons is-layout-flex wp-block-buttons-is-layout-flex\">\n<div class=\"wp-block-button\"><a class=\"wp-block-button__link wp-element-button\" href=\"https:\/\/www.ibermusicas.org\/wp-content\/uploads\/2020\/04\/4-Manual-practico-Plano-de-acessibilidade.pdf\">Descarregar<\/a><\/div>\n<\/div>\n<\/div>\n<\/div><figure class=\"wp-block-media-text__media\"><img loading=\"lazy\" decoding=\"async\" width=\"770\" height=\"770\" src=\"https:\/\/www.ibermusicas.org\/wp-content\/uploads\/2025\/04\/4-accesibilidad.jpg\" alt=\"\" class=\"wp-image-22126 size-full\" style=\"object-position:50% 50%\"\/><\/figure><\/div>\n\n\n\n<div class=\"wp-block-group has-base-color has-accent-1-background-color has-text-color has-background has-link-color wp-elements-a453e1687aa4a4e200bf9c7c6c1ffdd2 has-global-padding is-layout-constrained wp-container-core-group-is-layout-f611be13 wp-block-group-is-layout-constrained\" style=\"padding-top:var(--wp--preset--spacing--50);padding-right:var(--wp--preset--spacing--50);padding-bottom:var(--wp--preset--spacing--50);padding-left:var(--wp--preset--spacing--50)\">\n<p>Se voc\u00ea tiver interesse em saber mais sobre empresas, produtores, projetos e artistas que trabalham na \u00e1rea de acessibilidade e defici\u00eancia, voc\u00ea pode encontrar informa\u00e7\u00f5es no Cat\u00e1logo do Setor Musical, filtrando pela categoria \u00abAcessibilidade e Defici\u00eancia\u00bb.<\/p>\n\n\n\n<p id=\"disclaimerDissabilityLink\">E se voc\u00ea quiser fazer parte deste Cat\u00e1logo, voc\u00ea pode criar ou editar seu perfil <a href=\"#\"><strong>aqu\u00ed<\/strong><\/a>.<\/p>\n<\/div>\n","protected":false},"excerpt":{"rendered":"<p>Com o objetivo de fortalecer o direito de todas as pessoas de participar plenamente da vida cultural e em conson\u00e2ncia com a meta 10.2 do Objetivo 10 da Agenda 2030 para o Desenvolvimento Sustent\u00e1vel (que busca aumentar e promover a inclus\u00e3o social, econ\u00f4mica e pol\u00edtica de todas as pessoas, independentemente de idade, sexo, defici\u00eancia, ra\u00e7a, [&hellip;]<\/p>\n","protected":false},"author":1,"featured_media":0,"parent":0,"menu_order":0,"comment_status":"closed","ping_status":"closed","template":"","meta":{"_monsterinsights_skip_tracking":false,"_monsterinsights_sitenote_active":false,"_monsterinsights_sitenote_note":"","_monsterinsights_sitenote_category":0,"footnotes":""},"class_list":["post-21834","page","type-page","status-publish","hentry"],"lang":"pt","translations":{"pt":21834,"es":20951},"pll_sync_post":[],"post_mailing_queue_ids":[],"_links":{"self":[{"href":"https:\/\/www.ibermusicas.org\/index.php\/wp-json\/wp\/v2\/pages\/21834","targetHints":{"allow":["GET"]}}],"collection":[{"href":"https:\/\/www.ibermusicas.org\/index.php\/wp-json\/wp\/v2\/pages"}],"about":[{"href":"https:\/\/www.ibermusicas.org\/index.php\/wp-json\/wp\/v2\/types\/page"}],"author":[{"embeddable":true,"href":"https:\/\/www.ibermusicas.org\/index.php\/wp-json\/wp\/v2\/users\/1"}],"replies":[{"embeddable":true,"href":"https:\/\/www.ibermusicas.org\/index.php\/wp-json\/wp\/v2\/comments?post=21834"}],"version-history":[{"count":0,"href":"https:\/\/www.ibermusicas.org\/index.php\/wp-json\/wp\/v2\/pages\/21834\/revisions"}],"wp:attachment":[{"href":"https:\/\/www.ibermusicas.org\/index.php\/wp-json\/wp\/v2\/media?parent=21834"}],"curies":[{"name":"wp","href":"https:\/\/api.w.org\/{rel}","templated":true}]}}