{"id":22151,"date":"2025-04-16T19:12:14","date_gmt":"2025-04-16T19:12:14","guid":{"rendered":"https:\/\/www.ibermusicas.org\/?page_id=22151"},"modified":"2025-07-31T23:52:04","modified_gmt":"2025-07-31T23:52:04","slug":"acessibilidade","status":"publish","type":"page","link":"https:\/\/www.ibermusicas.org\/index.php\/acessibilidade\/","title":{"rendered":"Acessibilidade"},"content":{"rendered":"\n<p>No Iberm\u00fasicas, estamos transformando nossa plataforma digital para torn\u00e1-la acess\u00edvel a todas as pessoas. Esse processo \u00e9 complexo, pois precisamos revisar milhares de publica\u00e7\u00f5es, bancos de dados e materiais multim\u00eddia criados nos \u00faltimos 15 anos.<\/p>\n\n\n\n<p>Contamos com a ajuda de uma equipe especializada que avalia nossos sistemas, corrige problemas t\u00e9cnicos e nos capacita para criar conte\u00fados inclusivos. Modernizamos o design do site para que ele cumpra os padr\u00f5es de acessibilidade desde sua base, atualizamos o gerenciador de conte\u00fado e melhoramos ferramentas externas essenciais. Essas mudan\u00e7as s\u00e3o fundamentais e tornam poss\u00edvel construir uma base s\u00f3lida de inclus\u00e3o.<\/p>\n\n\n\n<p>Ainda enfrentamos desafios: algumas ferramentas personalizadas requerem ajustes ou adapta\u00e7\u00f5es, e certos servi\u00e7os de terceiros n\u00e3o t\u00eam alternativas acess\u00edveis que mantenham sua funcionalidade completa, por isso ainda estamos trabalhando em muitos aspectos.<\/p>\n\n\n\n<p>Entendemos a acessibilidade como um direito, n\u00e3o como um fim em si mesmo, mas como um meio para que todas as pessoas possam participar plenamente e em igualdade de condi\u00e7\u00f5es de nossos programas e conte\u00fados.<\/p>\n\n\n\n<p>A seguir, em nossa declara\u00e7\u00e3o de acessibilidade, detalhamos os avan\u00e7os alcan\u00e7ados e as metas futuras.<\/p>\n\n\n\n<h2 class=\"wp-block-heading\">Medidas de apoio \u00e0 acessibilidade<\/h2>\n\n\n\n<p>O Iberm\u00fasicas toma as seguintes medidas para promover a acessibilidade nos espa\u00e7os f\u00edsicos e digitais:<\/p>\n\n\n\n<ul class=\"wp-block-list\">\n<li>Incluir a acessibilidade como parte de nossa declara\u00e7\u00e3o de vis\u00e3o estrat\u00e9gica.<\/li>\n\n\n\n<li>Integrar a acessibilidade em nossas pr\u00e1ticas de compras e contrata\u00e7\u00f5es.<\/li>\n\n\n\n<li>Designar um respons\u00e1vel pela acessibilidade.<\/li>\n<\/ul>\n\n\n\n<h2 class=\"wp-block-heading\">Estado de conformidade<\/h2>\n\n\n\n<p>As Diretrizes de Acessibilidade para Conte\u00fado Web (WCAG) definem os requisitos para que designers e desenvolvedores melhorem a acessibilidade para pessoas com defici\u00eancia. Elas definem tr\u00eas n\u00edveis de conformidade: N\u00edvel A, N\u00edvel AA e N\u00edvel AAA. Nosso site p\u00fablico est\u00e1 parcialmente em conformidade com o n\u00edvel AA das WCAG 2.2. Parcialmente em conformidade significa que algumas partes do conte\u00fado n\u00e3o est\u00e3o totalmente em conformidade com o padr\u00e3o de acessibilidade.<\/p>\n\n\n\n<h2 class=\"wp-block-heading\">Contato<\/h2>\n\n\n\n<p>Por favor, informe-nos se encontrar alguma barreira de acessibilidade em nosso site p\u00fablico.<\/p>\n\n\n\n<ul class=\"wp-block-list\">\n<li>E-mail: <a href=\"mailto:micaela@ibermusicas.org\">micaela@ibermusicas.org<\/a><\/li>\n\n\n\n<li>Instagram: @<a href=\"https:\/\/www.instagram.com\/IBERMUSICAS\/\">ibermusicas<\/a><\/li>\n<\/ul>\n\n\n\n<p>Tentamos responder aos coment\u00e1rios dentro de um dia \u00fatil.<\/p>\n\n\n\n<h2 class=\"wp-block-heading\">Especifica\u00e7\u00f5es t\u00e9cnicas<\/h2>\n\n\n\n<p>A acessibilidade do nosso site p\u00fablico baseia-se nas seguintes tecnologias para funcionar, com a combina\u00e7\u00e3o espec\u00edfica de navegador web e, opcionalmente, qualquer tecnologia de apoio ou complemento instalado no seu computador ou telefone:<\/p>\n\n\n\n<ul class=\"wp-block-list\">\n<li>HTML<\/li>\n\n\n\n<li>CSS<\/li>\n\n\n\n<li>JavaScript<\/li>\n\n\n\n<li>WAI-ARIA<\/li>\n<\/ul>\n\n\n\n<p>Estas tecnologias s\u00e3o utilizadas para garantir a conformidade com as normas de acessibilidade utilizadas.<\/p>\n\n\n\n<p>Foi utilizada marca\u00e7\u00e3o sem\u00e2ntica, com cabe\u00e7alhos, regi\u00f5es e etiquetas apropriadas, utilizando ARIA para comunicar fun\u00e7\u00f5es especiais e mudan\u00e7as din\u00e2micas de estado, conforme apropriado.<\/p>\n\n\n\n<p>Foi verificado que o conte\u00fado pode ser operado com um simples ponteiro, como um mouse, apenas com o teclado, com controle de voz ou com gestos t\u00e1teis de um \u00fanico ponto que n\u00e3o dependem de tra\u00e7os espec\u00edficos.<\/p>\n\n\n\n<p>Os testes de compatibilidade com leitores de tela foram realizados com as seguintes combina\u00e7\u00f5es: Chrome e Firefox com NVDA no Windows, VoiceOver e Safari no MacOS, Chrome e Talkback no Android.<\/p>\n\n\n\n<h2 class=\"wp-block-heading\">Limita\u00e7\u00f5es<\/h2>\n\n\n\n<p>Apesar de nossos melhores esfor\u00e7os para garantir a acessibilidade do site p\u00fablico, existem algumas limita\u00e7\u00f5es. A seguir, est\u00e3o descritas as limita\u00e7\u00f5es conhecidas e suas poss\u00edveis solu\u00e7\u00f5es. Entre em contato conosco se voc\u00ea observar algum problema que n\u00e3o esteja na lista abaixo.<\/p>\n\n\n\n<ol class=\"wp-block-list\">\n<li><strong>Cat\u00e1logos de partituras, musicais e de pesquisa, banco de conte\u00fados, diret\u00f3rio de orquestras, edi\u00e7\u00f5es anteriores, projetos selecionados, playlists.<\/strong> Os filtros, pagina\u00e7\u00e3o e informa\u00e7\u00f5es emergentes n\u00e3o funcionam para pessoas que utilizam apenas o teclado ou leitores de tela. Isso ocorre porque dependemos de c\u00f3digo de terceiros, escrito h\u00e1 v\u00e1rios anos e que n\u00e3o est\u00e1 em conformidade com as normas. Estamos trabalhando com um fornecedor especializado em acessibilidade para atualizar ou substituir o c\u00f3digo. Entre em contato conosco se precisar de ajuda para encontrar informa\u00e7\u00f5es espec\u00edficas.<\/li>\n\n\n\n<li><strong>Documentos Iberm\u00fasicas: <\/strong>os filtros apresentam armadilhas para o foco, tornando-os dif\u00edceis de operar apenas com o teclado e, em menor grau, com leitores de tela.<\/li>\n\n\n\n<li><strong>Not\u00edcias: <\/strong>muitos artigos ainda n\u00e3o possuem texto alternativo nas fotos que os ilustram.<\/li>\n\n\n\n<li><strong>Exclus\u00f5es.<\/strong> Os componentes integrados que dependem de terceiros, como mapas, publicidade, visualiza\u00e7\u00f5es da web, iframes ou outros widgets com conte\u00fado externo, ainda n\u00e3o foram avaliados. Subdom\u00ednios como seleccionados.ibermusicas.org ou sites complementares como groovelist.co ainda n\u00e3o est\u00e3o inclu\u00eddos em nossas medidas de acessibilidade. O mesmo se aplica a documentos pr\u00f3prios ou de terceiros em formato PDF.<\/li>\n<\/ol>\n\n\n\n<p><strong>Abordagem de avalia\u00e7\u00e3o<\/strong><\/p>\n\n\n\n<p>O Iberm\u00fasicas avaliou a acessibilidade do site p\u00fablico atrav\u00e9s das seguintes abordagens:<\/p>\n\n\n\n<ul class=\"wp-block-list\">\n<li>Autoavalia\u00e7\u00e3o<\/li>\n\n\n\n<li>Avalia\u00e7\u00e3o externa<\/li>\n<\/ul>\n\n\n\n<p><strong>Data<\/strong><\/p>\n\n\n\n<p>Esta declara\u00e7\u00e3o foi criada em 16 de julho de 2025.<\/p>\n","protected":false},"excerpt":{"rendered":"<p>No Iberm\u00fasicas, estamos transformando nossa plataforma digital para torn\u00e1-la acess\u00edvel a todas as pessoas. Esse processo \u00e9 complexo, pois precisamos revisar milhares de publica\u00e7\u00f5es, bancos de dados e materiais multim\u00eddia criados nos \u00faltimos 15 anos. Contamos com a ajuda de uma equipe especializada que avalia nossos sistemas, corrige problemas t\u00e9cnicos e nos capacita para criar [&hellip;]<\/p>\n","protected":false},"author":1,"featured_media":0,"parent":0,"menu_order":0,"comment_status":"closed","ping_status":"closed","template":"","meta":{"_monsterinsights_skip_tracking":false,"_monsterinsights_sitenote_active":false,"_monsterinsights_sitenote_note":"","_monsterinsights_sitenote_category":0,"footnotes":""},"class_list":["post-22151","page","type-page","status-publish","hentry"],"lang":"pt","translations":{"pt":22151,"es":22144},"pll_sync_post":[],"post_mailing_queue_ids":[],"_links":{"self":[{"href":"https:\/\/www.ibermusicas.org\/index.php\/wp-json\/wp\/v2\/pages\/22151","targetHints":{"allow":["GET"]}}],"collection":[{"href":"https:\/\/www.ibermusicas.org\/index.php\/wp-json\/wp\/v2\/pages"}],"about":[{"href":"https:\/\/www.ibermusicas.org\/index.php\/wp-json\/wp\/v2\/types\/page"}],"author":[{"embeddable":true,"href":"https:\/\/www.ibermusicas.org\/index.php\/wp-json\/wp\/v2\/users\/1"}],"replies":[{"embeddable":true,"href":"https:\/\/www.ibermusicas.org\/index.php\/wp-json\/wp\/v2\/comments?post=22151"}],"version-history":[{"count":0,"href":"https:\/\/www.ibermusicas.org\/index.php\/wp-json\/wp\/v2\/pages\/22151\/revisions"}],"wp:attachment":[{"href":"https:\/\/www.ibermusicas.org\/index.php\/wp-json\/wp\/v2\/media?parent=22151"}],"curies":[{"name":"wp","href":"https:\/\/api.w.org\/{rel}","templated":true}]}}