{"id":25680,"date":"2025-08-19T14:44:31","date_gmt":"2025-08-19T14:44:31","guid":{"rendered":"https:\/\/www.ibermusicas.org\/?page_id=25680"},"modified":"2025-08-19T21:15:32","modified_gmt":"2025-08-19T21:15:32","slug":"mision","status":"publish","type":"page","link":"https:\/\/www.ibermusicas.org\/index.php\/mision\/","title":{"rendered":"Mision"},"content":{"rendered":"\n<p class=\"has-montserrat-font-family\">Impulsar el desarrollo de la m\u00fasica sinf\u00f3nica como pr\u00e1ctica profesional en la regi\u00f3n, propiciando la integraci\u00f3n y cooperaci\u00f3n institucional, con herramientas que aporten al fomento de la m\u00fasica orquestal, al intercambio de conocimiento, a la identificaci\u00f3n de desaf\u00edos y a la coordinaci\u00f3n de agendas.<\/p>\n\n\n\n<p class=\"has-montserrat-font-family\"><strong>RIOS <\/strong>es un espacio convergente para las orquestas profesionales iberoamericanas. Sus miembros se convocan en una cooperaci\u00f3n inclusiva, solidaria y consensuada con el objetivo de consolidar un espacio de di\u00e1logo permanente.<\/p>\n\n\n\n<h2 class=\"wp-block-heading\">Centro de recursos<\/h2>\n\n\n\n<p class=\"has-montserrat-font-family\"><strong>RIOS <\/strong>act\u00faa como plataforma para la construcci\u00f3n de una comunidad de orquestas sinf\u00f3nicas, generando las condiciones necesarias para la consolidaci\u00f3n de un circuito art\u00edstico regional integrado&nbsp; que promueva con especial \u00e9nfasis el desarrollo profesional de nuestros int\u00e9rpretes y compositores. RIOS brinda soporte en temas comunes a todas las \u00e1reas de la actividad orquestal:&nbsp; art\u00edsticos, t\u00e9cnicos y administrativos.<\/p>\n\n\n\n<h2 class=\"wp-block-heading is-style-default\">Centro de datos<\/h2>\n\n\n\n<p class=\"has-montserrat-font-family\"><strong>RIOS&nbsp; <\/strong>recopila y comparte informaci\u00f3n sobre la actividad de las orquestas. El Directorio de orquestas y la Bolsa de trabajo son un primer paso en la&nbsp; construcci\u00f3n de un observatorio que aportar\u00e1 al dise\u00f1o de los ejes de trabajo.&nbsp;&nbsp;<\/p>\n\n\n\n<h2 class=\"wp-block-heading\">Centro de capacitaci\u00f3n<\/h2>\n\n\n\n<p class=\"has-montserrat-font-family\"><strong>RIOS <\/strong>ofrece oportunidades de formaci\u00f3n profesional homologada que responden a las necesidades espec\u00edficas de los artistas, del personal administrativo y t\u00e9cnico de las orquestas.<\/p>\n\n\n\n<h2 class=\"wp-block-heading\">Centro de promoci\u00f3n <\/h2>\n\n\n\n<p class=\"has-montserrat-font-family\"><strong>RIOS<\/strong> act\u00faa como portavoz de la comunidad iberoamericana de orquestas, difundiendo su actividad, generando oportunidades y recursos para el desarrollo del sector.<\/p>\n","protected":false},"excerpt":{"rendered":"<p>Impulsar el desarrollo de la m\u00fasica sinf\u00f3nica como pr\u00e1ctica profesional en la regi\u00f3n, propiciando la integraci\u00f3n y cooperaci\u00f3n institucional, con herramientas que aporten al fomento de la m\u00fasica orquestal, al intercambio de conocimiento, a la identificaci\u00f3n de desaf\u00edos y a la coordinaci\u00f3n de agendas. RIOS es un espacio convergente para las orquestas profesionales iberoamericanas. Sus [&hellip;]<\/p>\n","protected":false},"author":12,"featured_media":0,"parent":0,"menu_order":0,"comment_status":"closed","ping_status":"closed","template":"rios","meta":{"_monsterinsights_skip_tracking":false,"_monsterinsights_sitenote_active":false,"_monsterinsights_sitenote_note":"","_monsterinsights_sitenote_category":0,"footnotes":""},"class_list":["post-25680","page","type-page","status-publish","hentry"],"lang":"es","translations":{"es":25680,"pt":25686},"pll_sync_post":[],"post_mailing_queue_ids":[],"_links":{"self":[{"href":"https:\/\/www.ibermusicas.org\/index.php\/wp-json\/wp\/v2\/pages\/25680","targetHints":{"allow":["GET"]}}],"collection":[{"href":"https:\/\/www.ibermusicas.org\/index.php\/wp-json\/wp\/v2\/pages"}],"about":[{"href":"https:\/\/www.ibermusicas.org\/index.php\/wp-json\/wp\/v2\/types\/page"}],"author":[{"embeddable":true,"href":"https:\/\/www.ibermusicas.org\/index.php\/wp-json\/wp\/v2\/users\/12"}],"replies":[{"embeddable":true,"href":"https:\/\/www.ibermusicas.org\/index.php\/wp-json\/wp\/v2\/comments?post=25680"}],"version-history":[{"count":1,"href":"https:\/\/www.ibermusicas.org\/index.php\/wp-json\/wp\/v2\/pages\/25680\/revisions"}],"predecessor-version":[{"id":25682,"href":"https:\/\/www.ibermusicas.org\/index.php\/wp-json\/wp\/v2\/pages\/25680\/revisions\/25682"}],"wp:attachment":[{"href":"https:\/\/www.ibermusicas.org\/index.php\/wp-json\/wp\/v2\/media?parent=25680"}],"curies":[{"name":"wp","href":"https:\/\/api.w.org\/{rel}","templated":true}]}}

<p class="has-montserrat-font-family">Impulsar el desarrollo de la música sinfónica como práctica profesional en la región, propiciando la integración y cooperación institucional, con herramientas que aporten al fomento de la música orquestal, al intercambio de conocimiento, a la identificación de desafíos y a la coordinación de agendas.</p>



<p class="has-montserrat-font-family"><strong>RIOS </strong>es un espacio convergente para las orquestas profesionales iberoamericanas. Sus miembros se convocan en una cooperación inclusiva, solidaria y consensuada con el objetivo de consolidar un espacio de diálogo permanente.</p>



<h2 class="wp-block-heading">Centro de recursos</h2>



<p class="has-montserrat-font-family"><strong>RIOS </strong>actúa como plataforma para la construcción de una comunidad de orquestas sinfónicas, generando las condiciones necesarias para la consolidación de un circuito artístico regional integrado&nbsp; que promueva con especial énfasis el desarrollo profesional de nuestros intérpretes y compositores. RIOS brinda soporte en temas comunes a todas las áreas de la actividad orquestal:&nbsp; artísticos, técnicos y administrativos.</p>



<h2 class="wp-block-heading is-style-default">Centro de datos</h2>



<p class="has-montserrat-font-family"><strong>RIOS&nbsp; </strong>recopila y comparte información sobre la actividad de las orquestas. El Directorio de orquestas y la Bolsa de trabajo son un primer paso en la&nbsp; construcción de un observatorio que aportará al diseño de los ejes de trabajo.&nbsp;&nbsp;</p>



<h2 class="wp-block-heading">Centro de capacitación</h2>



<p class="has-montserrat-font-family"><strong>RIOS </strong>ofrece oportunidades de formación profesional homologada que responden a las necesidades específicas de los artistas, del personal administrativo y técnico de las orquestas.</p>



<h2 class="wp-block-heading">Centro de promoción </h2>



<p class="has-montserrat-font-family"><strong>RIOS</strong> actúa como portavoz de la comunidad iberoamericana de orquestas, difundiendo su actividad, generando oportunidades y recursos para el desarrollo del sector.</p>

<p>Impulsar el desarrollo de la música sinfónica como práctica profesional en la región, propiciando la integración y cooperación institucional, con herramientas que aporten al fomento de la música orquestal, al intercambio de conocimiento, a la identificación de desafíos y a la coordinación de agendas. RIOS es un espacio convergente para las orquestas profesionales iberoamericanas. Sus [&hellip;]</p>
