{"id":25686,"date":"2025-08-19T14:50:46","date_gmt":"2025-08-19T14:50:46","guid":{"rendered":"https:\/\/www.ibermusicas.org\/?page_id=25686"},"modified":"2025-08-19T18:14:41","modified_gmt":"2025-08-19T18:14:41","slug":"missao","status":"publish","type":"page","link":"https:\/\/www.ibermusicas.org\/index.php\/missao\/","title":{"rendered":"Miss\u00e3o"},"content":{"rendered":"\n<p class=\"wp-embed-aspect-16-9 wp-has-aspect-ratio\">Impulsionar o desenvolvimento da m\u00fasica sinf\u00f3nica como pr\u00e1tica profissional na regi\u00e3o, promovendo a integra\u00e7\u00e3o e a coopera\u00e7\u00e3o institucional, com ferramentas que contribuam para a promo\u00e7\u00e3o da m\u00fasica orquestral, o interc\u00e2mbio de conhecimentos, a identifica\u00e7\u00e3o de desafios e a coordena\u00e7\u00e3o de agendas.<\/p>\n\n\n\n<p class=\"wp-embed-aspect-16-9 wp-has-aspect-ratio\"><strong>RIOS<\/strong> \u00e9 um espa\u00e7o convergente para as orquestras profissionais ibero-americanas. Seus membros se convocam em uma coopera\u00e7\u00e3o inclusiva, solid\u00e1ria e consensual com o objetivo de consolidar um espa\u00e7o de di\u00e1logo permanente que enrique\u00e7a o setor.<\/p>\n\n\n\n<h2 class=\"wp-block-heading wp-embed-aspect-16-9 wp-has-aspect-ratio\">Centro de recursos<\/h2>\n\n\n\n<p class=\"wp-embed-aspect-16-9 wp-has-aspect-ratio\"><strong>RIOS<\/strong> atua como plataforma para a constru\u00e7\u00e3o de uma comunidade de orquestras sinf\u00f4nicas, criando as condi\u00e7\u00f5es necess\u00e1rias para a consolida\u00e7\u00e3o de um circuito art\u00edstico integrado na regi\u00e3o que promova com especial \u00eanfase o desenvolvimento profissional dos nossos int\u00e9rpretes e compositores. <strong>RIOS<\/strong> oferece suporte em temas comuns a todas as \u00e1reas da atividade orquestral:<span class=\"Apple-converted-space\">&nbsp; <\/span>art\u00edsticos, t\u00e9cnicos e administrativos.<\/p>\n\n\n\n<h2 class=\"wp-block-heading wp-embed-aspect-16-9 wp-has-aspect-ratio\">Centro de dados<\/h2>\n\n\n\n<p class=\"wp-embed-aspect-16-9 wp-has-aspect-ratio\"><strong>RIOS<\/strong> coleta e compartilha informa\u00e7\u00f5es sobre a atividade das orquestras. O Diret\u00f3rio de orquestras, e a Bolsa de Trabalho s\u00e3o um primeiro passo na constru\u00e7\u00e3o de um observat\u00f3rio que contribuir\u00e1 para a concep\u00e7\u00e3o dos eixos de trabalho.<\/p>\n\n\n\n<h2 class=\"wp-block-heading wp-embed-aspect-16-9 wp-has-aspect-ratio\">Centro de forma\u00e7\u00e3o<\/h2>\n\n\n\n<p class=\"wp-embed-aspect-16-9 wp-has-aspect-ratio\"><strong>RIOS<\/strong> oferece oportunidades de forma\u00e7\u00e3o profissional homologada, respondendo \u00e0s necessidades espec\u00edficas dos artistas, do pessoal administrativo e t\u00e9cnico das orquestras<\/p>\n\n\n\n<h2 class=\"wp-block-heading wp-embed-aspect-16-9 wp-has-aspect-ratio\">Centro de promo\u00e7\u00e3o<\/h2>\n\n\n\n<p class=\"wp-embed-aspect-16-9 wp-has-aspect-ratio\"><strong>RIOS<\/strong> atua como porta-voz da comunidade ibero-americana de orquestras, difundindo sua atividade, e gerando oportunidades e recursos para o desenvolvimento do setor.<\/p>\n","protected":false},"excerpt":{"rendered":"<p>Impulsionar o desenvolvimento da m\u00fasica sinf\u00f3nica como pr\u00e1tica profissional na regi\u00e3o, promovendo a integra\u00e7\u00e3o e a coopera\u00e7\u00e3o institucional, com ferramentas que contribuam para a promo\u00e7\u00e3o da m\u00fasica orquestral, o interc\u00e2mbio de conhecimentos, a identifica\u00e7\u00e3o de desafios e a coordena\u00e7\u00e3o de agendas. RIOS \u00e9 um espa\u00e7o convergente para as orquestras profissionais ibero-americanas. Seus membros se convocam [&hellip;]<\/p>\n","protected":false},"author":12,"featured_media":0,"parent":0,"menu_order":0,"comment_status":"closed","ping_status":"closed","template":"rios-pt-2","meta":{"_monsterinsights_skip_tracking":false,"_monsterinsights_sitenote_active":false,"_monsterinsights_sitenote_note":"","_monsterinsights_sitenote_category":0,"footnotes":""},"class_list":["post-25686","page","type-page","status-publish","hentry"],"lang":"pt","translations":{"pt":25686,"es":25680},"pll_sync_post":[],"post_mailing_queue_ids":[],"_links":{"self":[{"href":"https:\/\/www.ibermusicas.org\/index.php\/wp-json\/wp\/v2\/pages\/25686","targetHints":{"allow":["GET"]}}],"collection":[{"href":"https:\/\/www.ibermusicas.org\/index.php\/wp-json\/wp\/v2\/pages"}],"about":[{"href":"https:\/\/www.ibermusicas.org\/index.php\/wp-json\/wp\/v2\/types\/page"}],"author":[{"embeddable":true,"href":"https:\/\/www.ibermusicas.org\/index.php\/wp-json\/wp\/v2\/users\/12"}],"replies":[{"embeddable":true,"href":"https:\/\/www.ibermusicas.org\/index.php\/wp-json\/wp\/v2\/comments?post=25686"}],"version-history":[{"count":1,"href":"https:\/\/www.ibermusicas.org\/index.php\/wp-json\/wp\/v2\/pages\/25686\/revisions"}],"predecessor-version":[{"id":25687,"href":"https:\/\/www.ibermusicas.org\/index.php\/wp-json\/wp\/v2\/pages\/25686\/revisions\/25687"}],"wp:attachment":[{"href":"https:\/\/www.ibermusicas.org\/index.php\/wp-json\/wp\/v2\/media?parent=25686"}],"curies":[{"name":"wp","href":"https:\/\/api.w.org\/{rel}","templated":true}]}}

Missão

<p class="wp-embed-aspect-16-9 wp-has-aspect-ratio">Impulsionar o desenvolvimento da música sinfónica como prática profissional na região, promovendo a integração e a cooperação institucional, com ferramentas que contribuam para a promoção da música orquestral, o intercâmbio de conhecimentos, a identificação de desafios e a coordenação de agendas.</p>



<p class="wp-embed-aspect-16-9 wp-has-aspect-ratio"><strong>RIOS</strong> é um espaço convergente para as orquestras profissionais ibero-americanas. Seus membros se convocam em uma cooperação inclusiva, solidária e consensual com o objetivo de consolidar um espaço de diálogo permanente que enriqueça o setor.</p>



<h2 class="wp-block-heading wp-embed-aspect-16-9 wp-has-aspect-ratio">Centro de recursos</h2>



<p class="wp-embed-aspect-16-9 wp-has-aspect-ratio"><strong>RIOS</strong> atua como plataforma para a construção de uma comunidade de orquestras sinfônicas, criando as condições necessárias para a consolidação de um circuito artístico integrado na região que promova com especial ênfase o desenvolvimento profissional dos nossos intérpretes e compositores. <strong>RIOS</strong> oferece suporte em temas comuns a todas as áreas da atividade orquestral:<span class="Apple-converted-space">&nbsp; </span>artísticos, técnicos e administrativos.</p>



<h2 class="wp-block-heading wp-embed-aspect-16-9 wp-has-aspect-ratio">Centro de dados</h2>



<p class="wp-embed-aspect-16-9 wp-has-aspect-ratio"><strong>RIOS</strong> coleta e compartilha informações sobre a atividade das orquestras. O Diretório de orquestras, e a Bolsa de Trabalho são um primeiro passo na construção de um observatório que contribuirá para a concepção dos eixos de trabalho.</p>



<h2 class="wp-block-heading wp-embed-aspect-16-9 wp-has-aspect-ratio">Centro de formação</h2>



<p class="wp-embed-aspect-16-9 wp-has-aspect-ratio"><strong>RIOS</strong> oferece oportunidades de formação profissional homologada, respondendo às necessidades específicas dos artistas, do pessoal administrativo e técnico das orquestras</p>



<h2 class="wp-block-heading wp-embed-aspect-16-9 wp-has-aspect-ratio">Centro de promoção</h2>



<p class="wp-embed-aspect-16-9 wp-has-aspect-ratio"><strong>RIOS</strong> atua como porta-voz da comunidade ibero-americana de orquestras, difundindo sua atividade, e gerando oportunidades e recursos para o desenvolvimento do setor.</p>

<p>Impulsionar o desenvolvimento da música sinfónica como prática profissional na região, promovendo a integração e a cooperação institucional, com ferramentas que contribuam para a promoção da música orquestral, o intercâmbio de conhecimentos, a identificação de desafios e a coordenação de agendas. RIOS é um espaço convergente para as orquestras profissionais ibero-americanas. Seus membros se convocam [&hellip;]</p>
