{"id":6687,"date":"2021-08-09T13:40:19","date_gmt":"2021-08-09T13:40:19","guid":{"rendered":"https:\/\/www.ibermusicas.org\/?page_id=6687"},"modified":"2025-09-10T18:53:16","modified_gmt":"2025-09-10T18:53:16","slug":"rios-convocatorias-proyectos","status":"publish","type":"page","link":"https:\/\/www.ibermusicas.org\/index.php\/rios-convocatorias-proyectos\/","title":{"rendered":"Acciones RIOS"},"content":{"rendered":"\n<figure class=\"wp-block-image size-medium alignnone\"><img loading=\"lazy\" decoding=\"async\" width=\"960\" height=\"640\" src=\"https:\/\/www.ibermusicas.org\/wp-content\/uploads\/2023\/09\/OFUNAM-min.jpeg\" alt=\"\" class=\"wp-image-16746\"\/><\/figure>\n\n\n\n<h2 class=\"wp-block-heading\">Capacitaci\u00f3n: Producci\u00f3n y transmisi\u00f3n de registros audiovisuales<\/h2>\n\n\n\n<p>Entre septiembre y noviembre de 2023, el equipo de la Orquesta Filarm\u00f3nica de la Universidad Nacional Aut\u00f3noma de Mexico brindar\u00e1 a nuestros miembros una capacitaci\u00f3n profesional sobre la producci\u00f3n de registros audiovisuales y su transmisi\u00f3n en mu\u0301ltiples plataformas. Ser\u00e1n cinco sesiones intensivas el 21 de septiembre (Introducci\u00f3n); 16 y 17 de noviembre (AUDIO); 23 y 24 de noviembre (VIDEO) por la plataforma Zoom. La actividad es gratuita y se emitir\u00e1n certificados de participaci\u00f3n.<\/p>\n\n\n\n<p><span class=\"TextRun SCXW53697211 BCX0\" lang=\"ES-AR\" xml:lang=\"ES-AR\" data-contrast=\"auto\"><span class=\"NormalTextRun SCXW53697211 BCX0\">Imparten: Valeria Palomino, Francis Palomares , Carlos Fonseca y Gabriel <\/span><span class=\"NormalTextRun SpellingErrorV2Themed SpellingErrorHighlight SCXW53697211 BCX0\">Casta\u00f1\u00f3n<\/span><\/span><span class=\"EOP SCXW53697211 BCX0\" data-ccp-props=\"{&quot;201341983&quot;:0,&quot;335559739&quot;:0,&quot;335559740&quot;:259}\">&nbsp;<\/span><\/p>\n\n\n\n<div class=\"wp-block-buttons is-layout-flex wp-block-buttons-is-layout-flex\">\n<div class=\"wp-block-button\"><a class=\"wp-block-button__link wp-element-button\" href=\"https:\/\/drive.google.com\/file\/d\/1V1TOV1tt_n4qaxv9q21eokjC82YMzDhc\/view?usp=drive_link\" target=\"%20_blank\" rel=\"noopener noreferrer\">PROGRAMA<\/a><\/div>\n<\/div>\n\n\n\n<figure class=\"wp-block-image size-medium alignnone\"><img loading=\"lazy\" decoding=\"async\" width=\"226\" height=\"218\" src=\"https:\/\/www.ibermusicas.org\/wp-content\/uploads\/2021\/09\/mola_logo.jpeg\" alt=\"\" class=\"wp-image-9992\"\/><\/figure>\n\n\n\n<h2 class=\"wp-block-heading\">Capacitaci\u00f3n para bibliotecarios y archivistas musicales<\/h2>\n\n\n\n<p>Se realizar\u00e1 una capacitaci\u00f3n profesional dedicada al perfeccionamiento de archivistas y bibliotecarias\/os musicales en una colaboraci\u00f3n entre <b>RIOS<\/b> y <a href=\"https:\/\/mola-inc.org\/p\/about\">M.O.L.A.<\/a> (Major Orchestra Librarians\u2019 Association).&nbsp; Habr\u00e1 espacios de discusi\u00f3n y encuentro, y 5 m\u00f3dulos t\u00e9cnicos a definir en base a las demandas (preparaci\u00f3n y armado de materiales, catalogaci\u00f3n, preservaci\u00f3n, revision, cortes, opera, derecho intelectual y editorial, etc)<\/p>\n\n\n","protected":false},"excerpt":{"rendered":"<p>Capacitaci\u00f3n: Producci\u00f3n y transmisi\u00f3n de registros audiovisuales Entre septiembre y noviembre de 2023, el equipo de la Orquesta Filarm\u00f3nica de la Universidad Nacional Aut\u00f3noma de Mexico brindar\u00e1 a nuestros miembros una capacitaci\u00f3n profesional sobre la producci\u00f3n de registros audiovisuales y su transmisi\u00f3n en mu\u0301ltiples plataformas. Ser\u00e1n cinco sesiones intensivas el 21 de septiembre (Introducci\u00f3n); 16 [&hellip;]<\/p>\n","protected":false},"author":1,"featured_media":0,"parent":0,"menu_order":0,"comment_status":"closed","ping_status":"closed","template":"rios","meta":{"_monsterinsights_skip_tracking":false,"_monsterinsights_sitenote_active":false,"_monsterinsights_sitenote_note":"","_monsterinsights_sitenote_category":0,"footnotes":""},"class_list":["post-6687","page","type-page","status-publish","hentry"],"lang":"es","translations":{"es":6687,"pt":10643},"pll_sync_post":[],"post_mailing_queue_ids":[],"_links":{"self":[{"href":"https:\/\/www.ibermusicas.org\/index.php\/wp-json\/wp\/v2\/pages\/6687","targetHints":{"allow":["GET"]}}],"collection":[{"href":"https:\/\/www.ibermusicas.org\/index.php\/wp-json\/wp\/v2\/pages"}],"about":[{"href":"https:\/\/www.ibermusicas.org\/index.php\/wp-json\/wp\/v2\/types\/page"}],"author":[{"embeddable":true,"href":"https:\/\/www.ibermusicas.org\/index.php\/wp-json\/wp\/v2\/users\/1"}],"replies":[{"embeddable":true,"href":"https:\/\/www.ibermusicas.org\/index.php\/wp-json\/wp\/v2\/comments?post=6687"}],"version-history":[{"count":2,"href":"https:\/\/www.ibermusicas.org\/index.php\/wp-json\/wp\/v2\/pages\/6687\/revisions"}],"predecessor-version":[{"id":26128,"href":"https:\/\/www.ibermusicas.org\/index.php\/wp-json\/wp\/v2\/pages\/6687\/revisions\/26128"}],"wp:attachment":[{"href":"https:\/\/www.ibermusicas.org\/index.php\/wp-json\/wp\/v2\/media?parent=6687"}],"curies":[{"name":"wp","href":"https:\/\/api.w.org\/{rel}","templated":true}]}}

<figure class="wp-block-image size-medium alignnone"><img loading="lazy" decoding="async" width="960" height="640" src="https://www.ibermusicas.org/wp-content/uploads/2023/09/OFUNAM-min.jpeg" alt="" class="wp-image-16746"/></figure>



<h2 class="wp-block-heading">Capacitación: Producción y transmisión de registros audiovisuales</h2>



<p>Entre septiembre y noviembre de 2023, el equipo de la Orquesta Filarmónica de la Universidad Nacional Autónoma de Mexico brindará a nuestros miembros una capacitación profesional sobre la producción de registros audiovisuales y su transmisión en múltiples plataformas. Serán cinco sesiones intensivas el 21 de septiembre (Introducción); 16 y 17 de noviembre (AUDIO); 23 y 24 de noviembre (VIDEO) por la plataforma Zoom. La actividad es gratuita y se emitirán certificados de participación.</p>



<p><span class="TextRun SCXW53697211 BCX0" lang="ES-AR" xml:lang="ES-AR" data-contrast="auto"><span class="NormalTextRun SCXW53697211 BCX0">Imparten: Valeria Palomino, Francis Palomares , Carlos Fonseca y Gabriel </span><span class="NormalTextRun SpellingErrorV2Themed SpellingErrorHighlight SCXW53697211 BCX0">Castañón</span></span><span class="EOP SCXW53697211 BCX0" data-ccp-props="{&quot;201341983&quot;:0,&quot;335559739&quot;:0,&quot;335559740&quot;:259}">&nbsp;</span></p>



<div class="wp-block-buttons is-layout-flex wp-block-buttons-is-layout-flex">
<div class="wp-block-button"><a class="wp-block-button__link wp-element-button" href="https://drive.google.com/file/d/1V1TOV1tt_n4qaxv9q21eokjC82YMzDhc/view?usp=drive_link" target="%20_blank" rel="noopener noreferrer">PROGRAMA</a></div>
</div>



<figure class="wp-block-image size-medium alignnone"><img loading="lazy" decoding="async" width="226" height="218" src="https://www.ibermusicas.org/wp-content/uploads/2021/09/mola_logo.jpeg" alt="" class="wp-image-9992"/></figure>



<h2 class="wp-block-heading">Capacitación para bibliotecarios y archivistas musicales</h2>



<p>Se realizará una capacitación profesional dedicada al perfeccionamiento de archivistas y bibliotecarias/os musicales en una colaboración entre <b>RIOS</b> y <a href="https://mola-inc.org/p/about">M.O.L.A.</a> (Major Orchestra Librarians’ Association).&nbsp; Habrá espacios de discusión y encuentro, y 5 módulos técnicos a definir en base a las demandas (preparación y armado de materiales, catalogación, preservación, revision, cortes, opera, derecho intelectual y editorial, etc)</p>

<p>Capacitación: Producción y transmisión de registros audiovisuales Entre septiembre y noviembre de 2023, el equipo de la Orquesta Filarmónica de la Universidad Nacional Autónoma de Mexico brindará a nuestros miembros una capacitación profesional sobre la producción de registros audiovisuales y su transmisión en múltiples plataformas. Serán cinco sesiones intensivas el 21 de septiembre (Introducción); 16 [&hellip;]</p>
