{"id":9549,"date":"2021-08-09T13:33:58","date_gmt":"2021-08-09T13:33:58","guid":{"rendered":"https:\/\/www.ibermusicas.org\/?page_id=9549"},"modified":"2026-03-19T19:13:10","modified_gmt":"2026-03-19T19:13:10","slug":"rios","status":"publish","type":"page","link":"https:\/\/www.ibermusicas.org\/index.php\/rios\/","title":{"rendered":"\u00bfQu\u00e9 es RIOS?"},"content":{"rendered":"\n<p class=\"wp-embed-aspect-16-9 wp-has-aspect-ratio has-montserrat-font-family\">La Red Iberoamericana de Orquestas Sinf\u00f3nicas (RIOS) es la organizaci\u00f3n que conecta a las orquestas profesionales de la regi\u00f3n, bajo el auspicio del Programa IBERM\u00daSICAS.<\/p>\n\n\n\n<p class=\"wp-embed-aspect-16-9 wp-has-aspect-ratio has-montserrat-font-family\">Su prop\u00f3sito es servir de referente a las orquestas sinf\u00f3nicas en Iberoam\u00e9rica, articulando proyectos en la regi\u00f3n y con el resto del mundo, y llevando adelante una agenda com\u00fan de acciones conjuntas para el fomento de las instituciones y la actividad sinf\u00f3nica.<\/p>\n\n\n\n<figure class=\"wp-block-embed is-type-video is-provider-youtube wp-block-embed-youtube wp-embed-aspect-16-9 wp-has-aspect-ratio\"><div class=\"wp-block-embed__wrapper\">\n<iframe loading=\"lazy\" title=\"Lanzamiento de la Red Iberoamericana de Orquestas Sinf\u00f3nicas RIOS\" width=\"500\" height=\"281\" src=\"https:\/\/www.youtube.com\/embed\/AtwcQX8uIms?feature=oembed\" frameborder=\"0\" allow=\"accelerometer; autoplay; clipboard-write; encrypted-media; gyroscope; picture-in-picture; web-share\" referrerpolicy=\"strict-origin-when-cross-origin\" allowfullscreen><\/iframe>\n<\/div><\/figure>\n\n\n\n<h2 class=\"wp-block-heading wp-embed-aspect-16-9 wp-has-aspect-ratio\">Contacto<\/h2>\n\n\n\n<p class=\"wp-embed-aspect-16-9 wp-has-aspect-ratio has-montserrat-font-family\"><strong>Francisco Varela<\/strong><\/p>\n\n\n\n<p class=\"wp-embed-aspect-16-9 wp-has-aspect-ratio has-montserrat-font-family\">Director Ejecutivo RIOS<\/p>\n\n\n\n<p class=\"wp-embed-aspect-16-9 wp-has-aspect-ratio has-montserrat-font-family\"><a href=\"mailto:rios@ibermusicas.org\">rios@ibermusicas.org<\/a><\/p>\n\n\n\n<p class=\"wp-embed-aspect-16-9 wp-has-aspect-ratio has-montserrat-font-family\">+54 911 3039 5535<\/p>\n\n\n\n<p><\/p>\n\n\n\n<figure class=\"wp-block-image size-full\"><img loading=\"lazy\" decoding=\"async\" width=\"3001\" height=\"1251\" src=\"https:\/\/www.ibermusicas.org\/wp-content\/uploads\/2026\/03\/RIOS-_footer-landing-RIOS.png\" alt=\"\" class=\"wp-image-27882\"\/><\/figure>\n","protected":false},"excerpt":{"rendered":"<p>La Red Iberoamericana de Orquestas Sinf\u00f3nicas (RIOS) es la organizaci\u00f3n que conecta a las orquestas profesionales de la regi\u00f3n, bajo el auspicio del Programa IBERM\u00daSICAS. Su prop\u00f3sito es servir de referente a las orquestas sinf\u00f3nicas en Iberoam\u00e9rica, articulando proyectos en la regi\u00f3n y con el resto del mundo, y llevando adelante una agenda com\u00fan de [&hellip;]<\/p>\n","protected":false},"author":1,"featured_media":0,"parent":0,"menu_order":0,"comment_status":"closed","ping_status":"closed","template":"rios","meta":{"_monsterinsights_skip_tracking":false,"_monsterinsights_sitenote_active":false,"_monsterinsights_sitenote_note":"","_monsterinsights_sitenote_category":0,"footnotes":""},"class_list":["post-9549","page","type-page","status-publish","hentry"],"lang":"es","translations":{"es":9549,"pt":10638},"pll_sync_post":[],"post_mailing_queue_ids":[],"_links":{"self":[{"href":"https:\/\/www.ibermusicas.org\/index.php\/wp-json\/wp\/v2\/pages\/9549","targetHints":{"allow":["GET"]}}],"collection":[{"href":"https:\/\/www.ibermusicas.org\/index.php\/wp-json\/wp\/v2\/pages"}],"about":[{"href":"https:\/\/www.ibermusicas.org\/index.php\/wp-json\/wp\/v2\/types\/page"}],"author":[{"embeddable":true,"href":"https:\/\/www.ibermusicas.org\/index.php\/wp-json\/wp\/v2\/users\/1"}],"replies":[{"embeddable":true,"href":"https:\/\/www.ibermusicas.org\/index.php\/wp-json\/wp\/v2\/comments?post=9549"}],"version-history":[{"count":3,"href":"https:\/\/www.ibermusicas.org\/index.php\/wp-json\/wp\/v2\/pages\/9549\/revisions"}],"predecessor-version":[{"id":27884,"href":"https:\/\/www.ibermusicas.org\/index.php\/wp-json\/wp\/v2\/pages\/9549\/revisions\/27884"}],"wp:attachment":[{"href":"https:\/\/www.ibermusicas.org\/index.php\/wp-json\/wp\/v2\/media?parent=9549"}],"curies":[{"name":"wp","href":"https:\/\/api.w.org\/{rel}","templated":true}]}}